{"id":1315,"date":"2023-04-19T14:24:09","date_gmt":"2023-04-19T14:24:09","guid":{"rendered":"https:\/\/demo1.dipierro.com\/?page_id=1315"},"modified":"2023-05-23T11:49:02","modified_gmt":"2023-05-23T11:49:02","slug":"lektorat","status":"publish","type":"page","link":"https:\/\/translations-proofreadings.ch\/index.php\/lektorat\/","title":{"rendered":"Lektorat"},"content":{"rendered":"\t\t<div data-elementor-type=\"wp-page\" data-elementor-id=\"1315\" class=\"elementor elementor-1315\">\n\t\t\t\t\t\t\t\t\t<section class=\"elementor-section elementor-top-section elementor-element elementor-element-e9abf42 elementor-section-stretched elementor-section-boxed elementor-section-height-default elementor-section-height-default\" data-id=\"e9abf42\" data-element_type=\"section\" data-settings=\"{&quot;stretch_section&quot;:&quot;section-stretched&quot;}\">\n\t\t\t\t\t\t<div class=\"elementor-container elementor-column-gap-default\">\n\t\t\t\t\t<div class=\"elementor-column elementor-col-50 elementor-top-column elementor-element elementor-element-d19dfb6\" data-id=\"d19dfb6\" data-element_type=\"column\">\n\t\t\t<div class=\"elementor-widget-wrap elementor-element-populated\">\n\t\t\t\t\t\t\t\t<div class=\"elementor-element elementor-element-10a7850 elementor-widget elementor-widget-heading\" data-id=\"10a7850\" data-element_type=\"widget\" data-widget_type=\"heading.default\">\n\t\t\t\t<div class=\"elementor-widget-container\">\n\t\t\t<style>\/*! elementor - v3.17.0 - 08-11-2023 *\/\n.elementor-heading-title{padding:0;margin:0;line-height:1}.elementor-widget-heading .elementor-heading-title[class*=elementor-size-]>a{color:inherit;font-size:inherit;line-height:inherit}.elementor-widget-heading .elementor-heading-title.elementor-size-small{font-size:15px}.elementor-widget-heading .elementor-heading-title.elementor-size-medium{font-size:19px}.elementor-widget-heading .elementor-heading-title.elementor-size-large{font-size:29px}.elementor-widget-heading .elementor-heading-title.elementor-size-xl{font-size:39px}.elementor-widget-heading .elementor-heading-title.elementor-size-xxl{font-size:59px}<\/style><h2 class=\"elementor-heading-title elementor-size-default\">Korrekturlesen<\/h2>\t\t<\/div>\n\t\t\t\t<\/div>\n\t\t\t\t<div class=\"elementor-element elementor-element-69d09e1 elementor-widget elementor-widget-text-editor\" data-id=\"69d09e1\" data-element_type=\"widget\" data-widget_type=\"text-editor.default\">\n\t\t\t\t<div class=\"elementor-widget-container\">\n\t\t\t<style>\/*! elementor - v3.17.0 - 08-11-2023 *\/\n.elementor-widget-text-editor.elementor-drop-cap-view-stacked .elementor-drop-cap{background-color:#69727d;color:#fff}.elementor-widget-text-editor.elementor-drop-cap-view-framed .elementor-drop-cap{color:#69727d;border:3px solid;background-color:transparent}.elementor-widget-text-editor:not(.elementor-drop-cap-view-default) .elementor-drop-cap{margin-top:8px}.elementor-widget-text-editor:not(.elementor-drop-cap-view-default) .elementor-drop-cap-letter{width:1em;height:1em}.elementor-widget-text-editor .elementor-drop-cap{float:left;text-align:center;line-height:1;font-size:50px}.elementor-widget-text-editor .elementor-drop-cap-letter{display:inline-block}<\/style>\t\t\t\t<p>Profitieren Sie von notwendigem Fachwissen und der erforderlichen Sorgfalt, um Ihre Texte professionell und genau redigieren zu lassen.<\/p>\n<p>Durch meine langj\u00e4hrige Arbeit als freiberufliche Lektorin habe ich umfangreiche Kompetenzen in Branchen&nbsp;wie Finanzen, Recht, Personalwesen, Physiotherapie, Tourismus und Technik erworben und kann Ihnen eine&nbsp;schnelle, zuverl\u00e4ssige und qualitativ hochwertige Leistung garantieren.<\/p>\n<div>Mit einem geschulten Auge f\u00fcr Details und einer starken Sprachkompetenz \u00fcberpr\u00fcfe ich Texte gr\u00fcndlich, um sicherzustellen, dass sie fehlerfrei, zusammenh\u00e4ngend und sorgf\u00e4ltig ausgearbeitet sind. Ich achte besonders auf Grammatik, Rechtschreibung, Zeichensetzung und allgemeine Klarheit, um die Lesbarkeit und Professionalit\u00e4t jedes Dokuments zu verbessern.<\/div><div><br><\/div>\n<p>Gerne unterst\u00fctze ich Fachleute bei der \u00dcberpr\u00fcfung und Verfeinerung des Inhalts ihrer Dokumente, um deren Koh\u00e4renz und Genauigkeit zu gew\u00e4hrleisten. Ich arbeite aber auch gerne mit Studenten als Support bei ihren akademischen Arbeiten. Durch das Lektorat und Korrekturlesen von Bachelor- und Masterarbeiten stelle ich sicher, dass der Inhalt gut organisiert und einheitlich ist und den akademischen Standards entspricht.<\/p>\n<p>Ich freue mich auf Ihre Texte und unterbreite Ihnen gerne eine Offerte f\u00fcr deren \u00dcberarbeitung. Betreffend&nbsp;dem Timing findet sich bestimmt eine L\u00f6sung, die f\u00fcr Sie passt.<\/p>\t\t\t\t\t\t<\/div>\n\t\t\t\t<\/div>\n\t\t\t\t\t<\/div>\n\t\t<\/div>\n\t\t\t\t<div class=\"elementor-column elementor-col-50 elementor-top-column elementor-element elementor-element-423988e\" data-id=\"423988e\" data-element_type=\"column\">\n\t\t\t<div class=\"elementor-widget-wrap elementor-element-populated\">\n\t\t\t\t\t\t\t\t<div class=\"elementor-element elementor-element-9105707 elementor-widget elementor-widget-image\" data-id=\"9105707\" data-element_type=\"widget\" data-widget_type=\"image.default\">\n\t\t\t\t<div class=\"elementor-widget-container\">\n\t\t\t<style>\/*! elementor - v3.17.0 - 08-11-2023 *\/\n.elementor-widget-image{text-align:center}.elementor-widget-image a{display:inline-block}.elementor-widget-image a img[src$=\".svg\"]{width:48px}.elementor-widget-image img{vertical-align:middle;display:inline-block}<\/style>\t\t\t\t\t\t\t\t\t\t\t\t<img loading=\"lazy\" decoding=\"async\" width=\"556\" height=\"760\" src=\"https:\/\/translations-proofreadings.ch\/wp-content\/uploads\/2023\/05\/Screenshot-2023-05-08-125344.jpg\" class=\"attachment-large size-large wp-image-1518\" alt=\"\" srcset=\"https:\/\/translations-proofreadings.ch\/wp-content\/uploads\/2023\/05\/Screenshot-2023-05-08-125344.jpg 556w, https:\/\/translations-proofreadings.ch\/wp-content\/uploads\/2023\/05\/Screenshot-2023-05-08-125344-219x300.jpg 219w\" sizes=\"auto, (max-width: 556px) 100vw, 556px\" \/>\t\t\t\t\t\t\t\t\t\t\t\t\t\t\t<\/div>\n\t\t\t\t<\/div>\n\t\t\t\t\t<\/div>\n\t\t<\/div>\n\t\t\t\t\t\t\t<\/div>\n\t\t<\/section>\n\t\t\t\t<section class=\"elementor-section elementor-top-section elementor-element elementor-element-753b633 elementor-section-boxed elementor-section-height-default elementor-section-height-default\" data-id=\"753b633\" data-element_type=\"section\">\n\t\t\t\t\t\t<div class=\"elementor-container elementor-column-gap-default\">\n\t\t\t\t\t<div class=\"elementor-column elementor-col-100 elementor-top-column elementor-element elementor-element-b3faa2e\" data-id=\"b3faa2e\" data-element_type=\"column\">\n\t\t\t<div class=\"elementor-widget-wrap elementor-element-populated\">\n\t\t\t\t\t\t\t\t<div class=\"elementor-element elementor-element-b8a736c elementor-widget elementor-widget-text-editor\" data-id=\"b8a736c\" data-element_type=\"widget\" data-widget_type=\"text-editor.default\">\n\t\t\t\t<div class=\"elementor-widget-container\">\n\t\t\t\t\t\t\t\t\t\t\t\t\t<\/div>\n\t\t\t\t<\/div>\n\t\t\t\t\t<\/div>\n\t\t<\/div>\n\t\t\t\t\t\t\t<\/div>\n\t\t<\/section>\n\t\t\t\t\t\t\t<\/div>\n\t\t","protected":false},"excerpt":{"rendered":"<p>Korrekturlesen Profitieren Sie von notwendigem Fachwissen und der erforderlichen Sorgfalt, um Ihre Texte professionell und genau redigieren zu lassen. Durch meine langj\u00e4hrige Arbeit als freiberufliche Lektorin habe ich umfangreiche Kompetenzen in Branchen&nbsp;wie Finanzen, Recht, Personalwesen, Physiotherapie, Tourismus und Technik erworben und kann Ihnen eine&nbsp;schnelle, zuverl\u00e4ssige und qualitativ hochwertige Leistung garantieren. Mit einem geschulten Auge f\u00fcr [&hellip;]<\/p>\n","protected":false},"author":1,"featured_media":0,"parent":0,"menu_order":0,"comment_status":"closed","ping_status":"closed","template":"","meta":{"om_disable_all_campaigns":false,"_monsterinsights_skip_tracking":false,"_monsterinsights_sitenote_active":false,"_monsterinsights_sitenote_note":"","_monsterinsights_sitenote_category":0,"footnotes":""},"class_list":["post-1315","page","type-page","status-publish","hentry","entry"],"aioseo_notices":[],"jetpack_sharing_enabled":true,"_links":{"self":[{"href":"https:\/\/translations-proofreadings.ch\/index.php\/wp-json\/wp\/v2\/pages\/1315","targetHints":{"allow":["GET"]}}],"collection":[{"href":"https:\/\/translations-proofreadings.ch\/index.php\/wp-json\/wp\/v2\/pages"}],"about":[{"href":"https:\/\/translations-proofreadings.ch\/index.php\/wp-json\/wp\/v2\/types\/page"}],"author":[{"embeddable":true,"href":"https:\/\/translations-proofreadings.ch\/index.php\/wp-json\/wp\/v2\/users\/1"}],"replies":[{"embeddable":true,"href":"https:\/\/translations-proofreadings.ch\/index.php\/wp-json\/wp\/v2\/comments?post=1315"}],"version-history":[{"count":25,"href":"https:\/\/translations-proofreadings.ch\/index.php\/wp-json\/wp\/v2\/pages\/1315\/revisions"}],"predecessor-version":[{"id":1742,"href":"https:\/\/translations-proofreadings.ch\/index.php\/wp-json\/wp\/v2\/pages\/1315\/revisions\/1742"}],"wp:attachment":[{"href":"https:\/\/translations-proofreadings.ch\/index.php\/wp-json\/wp\/v2\/media?parent=1315"}],"curies":[{"name":"wp","href":"https:\/\/api.w.org\/{rel}","templated":true}]}}